 1, 3*s + 4 = 2*k. Let q be (-1 + 27/3)/s. List the prime factors of -3 - ((-100)/q - 2).
2, 3
Suppose -37*h = -39*h + 896. What are the prime factors of h?
2, 7
Let f = -9263 - -13036. List the prime factors of f.
7, 11
Suppose 5*s - 6*s + 4 = 3*x, 4 = s + x. List the prime factors of (2/s)/(1/206).
103
Let b(j) be the third derivative of 7/24*j**4 + 0 - 7*j**2 + 0*j - 8/3*j**3. List the prime factors of b(10).
2, 3
Let o be (-2)/(-4)*4*5. Let q(h) = -4*h**3 - 5*h**2 - 4*h + 13. Let i(x) = -x**3 + x**2 - x. Let m(a) = -5*i(a) + q(a). List the prime factors of m(o).
23
Let z = -1985 + 3038. What are the prime factors of z?
3, 13
Suppose 2*t + 1283 = y - 715, y - 1968 = -4*t. List the prime factors of y.
2, 7, 71
Let f be (-22 - -22)/((-2)/1). Suppose 6*u - 4*u - 110 = f. List the prime factors of u.
5, 11
Let p(l) be the third derivative of -l**6/60 + l**4/12 + l**3/6 - 9*l**2. Let r be p(-1). What are the prime factors of r/4 - (-1834)/56?
3, 11
Suppose 3*y - 15 = 5*q + 7, -2*y = 3*q + 17. Let n = 7 - q. Suppose -n - 20 = -3*z + 2*h, -3*z - 5*h = -67. List the prime factors of z.
2, 7
Suppose -6*o + 17 = -7. Suppose -484 = -4*y - 0*n - n, o*n - 616 = -5*y. Suppose -y = -8*q + 4*q. List the prime factors of q.
2, 3, 5
Suppose -4*w = -4*v + 5*v - 700, 0 = 3*v - 4*w - 2132. What are the prime factors of v?
2, 3, 59
Let m(k) = k + 1. Let r(p) = p**2 - 12*p + 2. Let v be r(12). Let f be m(v). What are the prime factors of (-2 + f)*(1 + 13)?
2, 7
Suppose 97281 = 34*g - 7*g. What are the prime factors of g?
3, 1201
Let a(x) = -3*x**3 - 9*x**2 - 26*x - 47. What are the prime factors of a(-8)?
19, 59
Let u(z) = -z**2 + 29*z - 41. Let m = -31 - -53. List the prime factors of u(m).
113
Suppose q = 2*q - 4. Suppose 27 = 3*s + p, -2*p + 46 = 4*s - q*p. Suppose 0 = -r - 3 + s. List the prime factors of r.
7
Let l = 242 - 63. Suppose g + 3*q = -q + l, -3*g + q = -537. What are the prime factors of g?
179
Let t = 59 - 54. Suppose -99 = -t*v + 96. List the prime factors of v.
3, 13
Suppose 3*q - q = 0. Let l(d) = d**3 + d**2 - d + 11. Let w be l(q). Suppose -w*c = -14*c + 96. What are the prime factors of c?
2
Let u(l) = -l**3 - 6*l**2 + 8*l - 7. Let p be u(-8). Let i = p - 41. What are the prime factors of i?
2
Suppose d = -4*o + 8, -5*o - 2 + 15 = 2*d. Suppose d*p = -p + 75. What are the prime factors of p?
3, 5
Let x = -56 + 49. List the prime factors of (1218/4)/x*(-12)/9.
2, 29
Let s(t) = -5 + t - 2*t + 2*t + 4. Let w be s(1). What are the prime factors of (-16)/(w + -1) + -3?
13
Let i(c) = c**2 + 10*c - 35. List the prime factors of i(-25).
2, 5, 17
Let u(b) = -39*b + 41. List the prime factors of u(-15).
2, 313
What are the prime factors of -15*(-312)/12 - -2?
2, 7
Let p be (1/1)/((-2)/(-4)). Let d(y) = y**3 - 53*y**2 - 56*y + 283. Let k be d(54). Suppose 3*w = -p*w + k. What are the prime factors of w?
5, 7
Suppose -7*j + 4 = -11*j. What are the prime factors of j/(1/(-4)) + 35 + 2?
41
What are the prime factors of (-12318)/(-30) - 3/(-45)*-9?
2, 5, 41
Suppose 12 = 4*f - 4. Suppose -o + 4*x = x + 9, -13 = o - f*x. What are the prime factors of o + (-8)/(-1) + 0?
11
Suppose -3*j + 1037 = -133. Suppose j + 60 = 6*a. What are the prime factors of a?
3, 5
Suppose 205 = y - 37. Let x be (-12 + 1)/(22/y). What are the prime factors of -3 - (-1 - x)/(-2)?
3, 19
Let l be (-2)/(-10) + (-298)/(-10). Suppose x - 40 = l. List the prime factors of x.
2, 5, 7
Let c be 4/10 - (-666)/10. Suppose -5*l = 187 - c. Let w = l + 44. What are the prime factors of w?
2, 5
What are the prime factors of 1376/6 - 11/33?
229
Let o = -168 + 27. Let u = 362 + o. List the prime factors of u.
13, 17
Suppose -3*y + 729 = 2*o, -2*o + 827 = 2*y + 97. What are the prime factors of o?
2, 3, 61
Let u be (-10)/(-10)*(-1 + 1). Suppose -j + 4*j - w = 163, -2*j - w + 112 = u. List the prime factors of j.
5, 11
Let s = 1 + 9. Let h be 45/s - (-6)/(-4). Suppose -h*l = -25 + 4. List the prime factors of l.
7
Let k = -28 + 30. Suppose -f + 64 = -k*a, -f - a + 66 = -5*a. List the prime factors of f.
2, 31
Suppose 5*a - 22 = 3*z - 4*z, -8 = 4*z - 4*a. Let b(l) = -l + 2. Let h be b(-2). Suppose h = g - z. What are the prime factors of g?
2, 3
Let o(d) = -3*d**3 - 24*d**2 + 8*d + 1. List the prime factors of o(-13).
2, 19
List the prime factors of (-10)/35 + (-46752)/(-21).
2, 3, 7, 53
Let l = 400 + -580. Let c = l - -390. What are the prime factors of c?
2, 3, 5, 7
Suppose 2*p + 304 = 1308. List the prime factors of p.
2, 251
Suppose -2*k + 521 = -u, 298 = 4*k + 5*u - 737. What are the prime factors of k?
2, 5, 13
Let s = -7 - -14. Suppose 5*j + 98 = q, -2*q - j + 141 + 44 = 0. Suppose 4*z + q = s*z. List the prime factors of z.
31
List the prime factors of ((-6)/9 + 0)*213/(-2).
71
Let p(q) = 36*q - 7. List the prime factors of p(16).
569
List the prime factors of (-28 + 43)*(-3 - -107).
2, 3, 5, 13
Let y(k) = -150*k**3 + 2*k**2 + 3*k + 9. Let c be y(-2). Suppose 443 = -4*a + c. What are the prime factors of a?
2, 3
Let x(s) = -s**2. Let z(d) = -6*d**3 - 3*d**2 + 2*d - 2. Let g(n) = 4*x(n) - z(n). List the prime factors of g(2).
2, 3, 7
Let y be (-4)/14 + (104/(-28) - -6). List the prime factors of 36148/266 + y/19.
2, 17
Let g(x) = -285*x**3 - 4*x - 3. What are the prime factors of g(-1)?
2, 11, 13
Suppose -154 = -5*a + 3*a. Suppose 5*c - 125 = -5*o, 3*c - o - a = -6*o. List the prime factors of c.
2, 3
Let w(q) = 2*q - 6. Let x be w(4). Let s = 181 + -176. Suppose a = s - x. List the prime factors of a.
3
Suppose -4 + 13 = -3*t, 2*t = j - 478. List the prime factors of j.
2, 59
Suppose 2*j - 52*t + 57*t - 724 = 0, 1833 = 5*j + t. What are the prime factors of j?
367
Suppose g - 5*j = 2890, -7*g + 3*j = -19190 - 1008. What are the prime factors of g?
5, 577
Suppose -235 = -2*m + 367. List the prime factors of m.
7, 43
Let o(u) = 28*u**2 - 3*u - 8. List the prime factors of o(5).
677
Let g = -1113 - -1747. What are the prime factors of g?
2, 317
Suppose 3*h = -2*h - 3*y + 9, 5*y + 10 = 0. Suppose h*k + 144 = 7*k. What are the prime factors of k?
2, 3
Let f be (2 - (-2 + 2))*1. Suppose -3*u - 10 = -2*u - 4*a, 3*a = -f*u + 35. What are the prime factors of u/(4 - (-52)/(-14))?
5, 7
Let h(p) = -32*p**3 + 2*p**2 + p + 2. Let k be h(-2). Suppose 4*n - 2*q - k = 0, 3*n + q - 107 - 91 = 0. Suppose -n = -2*m + 52. List the prime factors of m.
59
What are the prime factors of (-20772)/24*(-4)/2?
3, 577
Suppose -3*o + 4*j + 21 = 0, j + 3 = -0. Suppose y - 54 = 1. Suppose 2*h + o*p = y, 3*h - 7*h = -p - 103. What are the prime factors of h?
2, 13
Let t(k) = -8*k + 402. List the prime factors of t(0).
2, 3, 67
Suppose u - 3*u - 4 = 4*i, 2*i - 4*u = -22. Let x(s) = 6*s**2 + 2*s - 5. List the prime factors of x(i).
43
Suppose 3*c + 8 = x, -3 + 12 = -3*c. Let t(z) = 70*z**2. What are the prime factors of t(x)?
2, 5, 7
Let q = 46 - 59. List the prime factors of 11 + q + -1 + 135.
2, 3, 11
Let m = -822 - -822. Let f(i) = -i**2 + 6*i - 6. Let l be f(4). Suppose m = l*o - 10 - 8. List the prime factors of o.
3
What are the prime factors of 1*2 - 261*260/(-60)?
11, 103
Let o be 7*-1*(310/35 - -4). Let t = o - -206. What are the prime factors of t?
2, 29
Let b(w) = -w**3 - 6*w**2 - w + 1. Let g be b(-6). Let l(j) = -2*j - 13 + 7*j + 1 + 7. List the prime factors of l(g).
2, 3, 5
Let y(a) = -3*a**3 - a**2 + 8*a + 22. List the prime factors of y(-6).
2, 293
Let t = 348 + -262. What are the prime factors of t?
2, 43
Let y(w) = w - 1. Let i(n) = n**2 + 10*n + 10. Let b(q) = i(q) + 2*y(q). Let v be b(-12). Let z = v - 0. List the prime factors of z.
2
What are the prime factors of (-6715)/(-204) + 3/36?
3, 11
Suppose 5*v - 25 = 5*y, 5 + 15 = 4*v + y. Suppose -57 = 3*q - 2*x, 50 + 46 = -v*q + 3*x. Let a = 52 + q. What are the prime factors of a?
31
Let n be -1*(-3)/6*-48. Let l be 6/n - 2/(-8). Suppose 0 = f - 47 - l. List the prime factors of f.
47
Let m = -585 - -1019. What are the prime factors of m?
2, 7, 31
Suppose 55 = 4*k - 5*u + 20, -4*k + 2*u = -50. List the prime factors of k.
3, 5
Suppose 0 = z - 5*s - 125, s + 779 = 4*z + 260. List the prime factors of z.
2, 5, 13
Let g(p) = -60*p + 701. List the prime factors of g(-53).
3881
Suppose -6 = 5*g + 4. Let k be ((-4)/(-5))/(g/(-10)). Suppose 5*o - 45 = k*r, 18 = 